{"id":1030,"date":"2023-07-10T19:22:29","date_gmt":"2023-07-10T19:22:29","guid":{"rendered":"https:\/\/www.parafiaolszyny.pl\/?page_id=1030"},"modified":"2023-07-10T19:22:58","modified_gmt":"2023-07-10T19:22:58","slug":"warto-zobaczyc","status":"publish","type":"page","link":"https:\/\/www.parafiaolszyny.pl\/?page_id=1030","title":{"rendered":"Warto zobaczy\u0107"},"content":{"rendered":"\n<p>Przybywaj\u0105cym w nasze strony turystom polecamy nie tylko pi\u0119kno nieska\u017conej cywilizacj\u0105 natury, zacisze las\u00f3w, jar\u00f3w i parow\u00f3w, ale tak\u017ce interesuj\u0105ce \u015blady burzliwej przesz\u0142o\u015bci tej ziemi.<\/p>\n\n\n\n<p>S\u0105 to ko\u015bcio\u0142y, dwory, szko\u0142y ludowe, pomniki upami\u0119tniaj\u0105ce wa\u017cne wydarzenia historyczne, cmentarze kryj\u0105ce prochy bohater\u00f3w wojen \u015bwiatowych, kapliczki, \ufb01gury i krzy\u017ce przydro\u017cne, pomniki przyrody.<\/p>\n\n\n\n<p>W tym miejscu dokonujemy ich przegl\u0105du; ka\u017cdy, kto interesuje si\u0119 histori\u0105 tej ziemi mo\u017ce wybra\u0107 si\u0119 szlakiem ko\u015bcio\u0142\u00f3w, cmentarzy wojennych czy kapliczek lub ograniczy\u0107 si\u0119 tylko do zwiedzenia jednej wsi.<\/p>\n\n\n\n<p>Wsz\u0119dzie mo\u017cna spotka\u0107 pami\u0105tki dawniej \u015bwietno\u015bci wsp\u00f3\u0142graj\u0105ce z nowoczesno\u015bci\u0105. Warto zobaczy\u0107:<\/p>\n\n\n\n<ul>\n<li>Ko\u015bci\u00f3\u0142 p.w. Podwy\u017cszenia Krzy\u017ca \u015awi\u0119tego z 1910 r. wg projektu \u0141ukasza Filipaka. Wyposa\u017cenie wn\u0119trza z XVI w. (\u015brodkowy fragment tryptyku przedstawiaj\u0105cego Upadek pod Krzy\u017cem) i pocz. XX w. (rze\u017aby tzw. tyrolskie i ludowe).<\/li>\n\n\n\n<li>Kamienna neogotycka dzwonnica w kszta\u0142cie arkady z 1908 r. dzie\u0142o miejscowego kamieniarza J\u00f3zefa B\u0105ka.<\/li>\n\n\n\n<li>Cmentarz para\ufb01alny za\u0142o\u017cony w pocz. XX w. z licznymi kamiennymi nagrobkami wykonanymi przez miejscowych kamieniarzy.<\/li>\n\n\n\n<li>Cmentarz wojenny nr 113 z I wojny \u015bwiatowej wg proj. J. Szczepkowskiego.<\/li>\n\n\n\n<li>Pomnik upami\u0119tniaj\u0105cy 500 lecie Wiktorii grunwaldzkiej.<\/li>\n\n\n\n<li>Pomnik polskich lotnik\u00f3w postawiony w miejscu katastrofy \u201eLiberatora\u201d zestrzelonego 17 sierpnia 1944 r. nad Olszynami.<\/li>\n\n\n\n<li>Liczne kapliczki, figury i krzy\u017ce przydro\u017cne, w tym upami\u0119tniaj\u0105ce ,,rabacj\u0119\u201d (1846 r.).<\/li>\n\n\n\n<li>Pomniki przyrody &#8211; 400 letnie d\u0119by przy drodze g\u0142\u00f3wnej.<\/li>\n<\/ul>\n\n\n\n<p class=\"has-text-align-right\"><strong>Czes\u0142aw Dutka<\/strong><\/p>\n","protected":false},"excerpt":{"rendered":"<p>Przybywaj\u0105cym w nasze strony turystom polecamy nie tylko pi\u0119kno nieska\u017conej cywilizacj\u0105 natury, zacisze las\u00f3w, jar\u00f3w i parow\u00f3w, [&hellip;]<\/p>\n","protected":false},"author":1,"featured_media":0,"parent":0,"menu_order":0,"comment_status":"closed","ping_status":"closed","template":"","meta":{"ngg_post_thumbnail":0},"_links":{"self":[{"href":"https:\/\/www.parafiaolszyny.pl\/index.php?rest_route=\/wp\/v2\/pages\/1030"}],"collection":[{"href":"https:\/\/www.parafiaolszyny.pl\/index.php?rest_route=\/wp\/v2\/pages"}],"about":[{"href":"https:\/\/www.parafiaolszyny.pl\/index.php?rest_route=\/wp\/v2\/types\/page"}],"author":[{"embeddable":true,"href":"https:\/\/www.parafiaolszyny.pl\/index.php?rest_route=\/wp\/v2\/users\/1"}],"replies":[{"embeddable":true,"href":"https:\/\/www.parafiaolszyny.pl\/index.php?rest_route=%2Fwp%2Fv2%2Fcomments&post=1030"}],"version-history":[{"count":2,"href":"https:\/\/www.parafiaolszyny.pl\/index.php?rest_route=\/wp\/v2\/pages\/1030\/revisions"}],"predecessor-version":[{"id":1032,"href":"https:\/\/www.parafiaolszyny.pl\/index.php?rest_route=\/wp\/v2\/pages\/1030\/revisions\/1032"}],"wp:attachment":[{"href":"https:\/\/www.parafiaolszyny.pl\/index.php?rest_route=%2Fwp%2Fv2%2Fmedia&parent=1030"}],"curies":[{"name":"wp","href":"https:\/\/api.w.org\/{rel}","templated":true}]}}